{"id":2145,"date":"2023-01-03T07:58:06","date_gmt":"2023-01-03T07:58:06","guid":{"rendered":"https:\/\/financewp-visual.themesflat.co\/?page_id=3"},"modified":"2025-01-23T20:14:47","modified_gmt":"2025-01-23T20:14:47","slug":"aviso-privacidad","status":"publish","type":"page","link":"https:\/\/mice-mpc.org\/ccg\/aviso-privacidad\/","title":{"rendered":"Aviso de privacidad"},"content":{"rendered":"<div class=\"wpb-content-wrapper\"><p>[vc_row][vc_column][vc_column_text]<\/p>\r\n<h2 class=\"wp-block-heading has-text-align-center\" style=\"text-align: justify;\">Aviso de Privacidad<\/h2>\r\n\r\n<p style=\"text-align: justify;\">\u00a0<\/p>\r\n\r\n<p style=\"text-align: justify;\">De acuerdo a lo previsto en la \u201cLEY FEDERAL de Protecci\u00f3n de Datos Personales\u201d MICE MPC quien tiene su domicilio ubicado en AV. Bernardo Quintana #300 Piso 14 A , Colonia Centro Sur, Quer\u00e9taro, Quer\u00e9taro,\u00a0\u00a0C.P.\u00a076090, declara ser el responsable del tratamiento de sus datos personales.<\/p>\r\n\r\n<p style=\"text-align: justify;\">Oficina de Privacidad ubicada en: Mismo domicilio.<\/p>\r\n\r\n<p style=\"text-align: justify;\">Tel\u00e9fonos de la Oficina de Privacidad: (44) 28000332<\/p>\r\n\r\n<p style=\"text-align: justify;\">Correo electr\u00f3nico: administracion@mice-mpc.org<\/p>\r\n\r\n<p style=\"text-align: justify;\"><strong>DEFINICIONES:<\/strong><\/p>\r\n\r\n<p style=\"text-align: justify;\">Datos personales.- Cualquier informaci\u00f3n concerniente a una persona f\u00edsica identificada o identificable.<\/p>\r\n\r\n<p style=\"text-align: justify;\">Titular.- La persona f\u00edsica (TITULAR) a quien identifica o corresponden los datos personales.<\/p>\r\n\r\n<p style=\"text-align: justify;\">Responsable.- Persona f\u00edsica o moral de car\u00e1cter privado que decide sobre el tratamiento de los datos personales.<\/p>\r\n\r\n<p style=\"text-align: justify;\">Tratamiento.- La obtenci\u00f3n, uso (que incluye el acceso, manejo, aprovechamiento, transferencia o disposici\u00f3n de datos personales), divulgaci\u00f3n o almacenamiento de datos personales por cualquier medio.<\/p>\r\n\r\n<p style=\"text-align: justify;\">Transferencia.- Toda comunicaci\u00f3n de datos realizada a persona distinta del responsable o encargado del tratamiento.<\/p>\r\n\r\n<p style=\"text-align: justify;\">Derechos ARCO.- Derechos de Acceso, Rectificaci\u00f3n, Cancelaci\u00f3n y Oposici\u00f3n.<\/p>\r\n\r\n<p style=\"text-align: justify;\">Consentimiento T\u00e1cito.- Se entender\u00e1 que el titular ha consentido en el tratamiento de los datos, cuando habi\u00e9ndose puesto a su disposici\u00f3n el Aviso de Privacidad, no manifieste su oposici\u00f3n.<\/p>\r\n\r\n<p style=\"text-align: justify;\"><strong>FINALIDADES PRIMARIAS.<\/strong>&#8211; Los datos personales que recabamos de usted, los utilizaremos para las siguientes finalidades que son necesarias para el servicio que solicita:<\/p>\r\n\r\n<p style=\"text-align: justify;\">Fines fiscales, Fines sociales, Fines bancarios, Fines de marketing.<\/p>\r\n\r\n<p style=\"text-align: justify;\"><strong>FORMAS DE RECABAR SUS DATOS PERSONALES.<\/strong>&#8211; Para las actividades se\u00f1aladas en el presente Aviso de Privacidad, podemos recabar sus datos personales de distintas formas cuando usted nos los proporciona directamente; cuando visita nuestro sitio de Internet o utiliza nuestros servicios en l\u00ednea, y cuando obtenemos informaci\u00f3n a trav\u00e9s de otras fuentes que est\u00e1n permitidas por la ley.<\/p>\r\n\r\n<p style=\"text-align: justify;\"><strong>DATOS PERSONALES QUE SE RECABAN DE FORMA DIRECTA:<\/strong><\/p>\r\n\r\n<p style=\"text-align: justify;\">Recabamos sus datos personales de forma directa cuando usted mismo nos los proporciona por diversos medios.<\/p>\r\n\r\n<p style=\"text-align: justify;\">Tales como:<\/p>\r\n\r\n<p style=\"text-align: justify;\">\u00ef\u00a0 Correo electr\u00f3nico<\/p>\r\n\r\n<p style=\"text-align: justify;\">\u00ef\u00a0 Nombre completo<\/p>\r\n\r\n<p style=\"text-align: justify;\">\u00ef\u00a0 Tel\u00e9fono<\/p>\r\n\r\n<p style=\"text-align: justify;\">\u00ef\u00a0 Tel\u00e9fono m\u00f3vil<\/p>\r\n\r\n<p style=\"text-align: justify;\">\u00ef\u00a0 Domicilio<\/p>\r\n\r\n<p style=\"text-align: justify;\">\u00ef\u00a0 RFC<\/p>\r\n\r\n<p style=\"text-align: justify;\">DATOS PERSONALES QUE RECABAMOS CUANDO VISITA NUESTRO SITIO DE INTERNET O UTILIZA NUESTROS SERVICIOS EN LINEA:<\/p>\r\n\r\n<p style=\"text-align: justify;\">Tales como:<\/p>\r\n\r\n<p style=\"text-align: justify;\">\u00ef\u00a0 Correo electr\u00f3nico<\/p>\r\n\r\n<p style=\"text-align: justify;\">\u00ef\u00a0 Nombre completo<\/p>\r\n\r\n<p style=\"text-align: justify;\">\u00ef\u00a0 Tel\u00e9fono<\/p>\r\n\r\n<p style=\"text-align: justify;\">\u00ef\u00a0 Tel\u00e9fono m\u00f3vil<\/p>\r\n\r\n<p style=\"text-align: justify;\"><strong>DATOS PERSONALES QUE RECABAMOS A TRAV\u00c9S DE OTRAS FUENTES PERMITIDAS POR LA LEY:<\/strong><\/p>\r\n\r\n<p style=\"text-align: justify;\">No recabamos sus datos personales de esta forma.<\/p>\r\n\r\n<p style=\"text-align: justify;\"><strong>USO DE DATOS SENSIBLES.<\/strong>&#8211; Se consideran datos sensibles aquellos afecten a la esfera m\u00e1s \u00edntima de su titular, o cuya utilizaci\u00f3n indebida pueda dar origen a discriminaci\u00f3n o conlleve un riesgo grave para \u00e9ste.<\/p>\r\n\r\n<p style=\"text-align: justify;\">En el presente Aviso de Privacidad se omite el uso de datos personales considerados como sensibles.<\/p>\r\n\r\n<p style=\"text-align: justify;\"><strong>LIMITACI\u00d3N O DIVULGACI\u00d3N DE SUS DATOS PERSONALES.-<\/strong> El responsable de la informaci\u00f3n se compromete a realizar \u00fanicamente las siguientes acciones, respecto a su informaci\u00f3n:<\/p>\r\n\r\n<p style=\"text-align: justify;\">Env\u00edo de correo postal publicitario, Realizar llamadas telef\u00f3nicas, Env\u00edo de correos electr\u00f3nicos.<\/p>\r\n\r\n<p style=\"text-align: justify;\"><strong>PROCEDIMIENTO PARA HACER VALER LOS DERECHOS ARCO.-<\/strong> Usted tiene derecho de acceder a sus datos personales que poseemos y a los detalles del tratamiento de los mismos, as\u00ed como a rectificarlos en caso de ser inexactos o incompletos; cancelarlos cuando considere que no se requieren para alguna de las finalidades se\u00f1alados en el presente Aviso de Privacidad, est\u00e9n siendo utilizados para finalidades no consentidas o haya finalizado la relaci\u00f3n contractual o de servicio, o bien, oponerse al tratamiento de los mismos para fines espec\u00edficos.<\/p>\r\n\r\n<p style=\"text-align: justify;\">Los mecanismos que se han implementado para el ejercicio de dichos derechos, los cuales se conocen como derechos ARCO mismos que se refieren al acceso, rectificaci\u00f3n, cancelaci\u00f3n y oposici\u00f3n del Titular respecto al tratamiento de sus datos personales;<\/p>\r\n\r\n<p style=\"text-align: justify;\">1) El procedimiento inicia con la presentaci\u00f3n de la solicitud respectiva a los derechos ARCO, en el domicilio de nuestra Oficina de Privacidad, mismo que fue debidamente se\u00f1alado al principio del presente Aviso de Privacidad.<\/p>\r\n\r\n<p style=\"text-align: justify;\">2) Su solicitud deber\u00e1 contener la siguiente informaci\u00f3n:<\/p>\r\n\r\n<p style=\"text-align: justify;\">La descripci\u00f3n clara y precisa de los datos personales.<\/p>\r\n\r\n<p style=\"text-align: justify;\">3) El plazo para atender su solicitud es el siguiente: 15 d\u00edas.<\/p>\r\n\r\n<p style=\"text-align: justify;\"><strong>TRANSMISI\u00d3N DE SUS DATOS PERSONALES.-<\/strong> Sus datos personales pueden ser transferidos y tratados dentro y fuera del pa\u00eds.<\/p>\r\n\r\n<p style=\"text-align: justify;\">En ese sentido, su informaci\u00f3n puede ser compartida con:<\/p>\r\n\r\n<p style=\"text-align: justify;\">\u00ef\u00a0 Personas externas a la empresa.<\/p>\r\n\r\n<p style=\"text-align: justify;\"><strong>MODIFICACIONES AL AVISO DE PRIVACIDAD.-<\/strong> Nos reservamos el derecho de efectuar en cualquier momento modificaciones o actualizaciones al presente Aviso de Privacidad, para la atenci\u00f3n de novedades legislativas, pol\u00edticas internas o nuevos requerimientos para la prestaci\u00f3n u ofrecimiento de nuestros servicios o productos.<\/p>\r\n\r\n<p style=\"text-align: justify;\">Por lo que se obliga a mantener actualizado el presente Aviso, para su consulta. Esto con el fin de que el TITULAR se encuentre en posibilidad de ejercer sus derechos ARCO y de esta forma mantenerlo al tanto de cualquier modificaci\u00f3n mediante aviso al \u00faltimo correo electr\u00f3nico que nos haya proporcionado.<\/p>\r\n\r\n<p style=\"text-align: justify;\"><strong>USO DE COOKIES.<\/strong>&#8211; En el presente Aviso de Privacidad se omitir\u00e1 el uso de cookies, para recabar informaci\u00f3n sobres usted.<\/p>\r\n\r\n<p style=\"text-align: justify;\"><strong>USO DE WEB BEACONS.-<\/strong> En el presente Aviso de Privacidad se omitir\u00e1 el uso de web beacons, para recabar informaci\u00f3n sobre usted.<\/p>\r\n\r\n<p style=\"text-align: justify;\">Las partes expresan que el presente Aviso, se regir\u00e1 por las disposiciones legales aplicables en la Ciudad de M\u00e9xico en especial, por lo dispuesto en la Ley Federal de Protecci\u00f3n de Datos Personales.<\/p>\r\n\r\n<p style=\"text-align: justify;\">Si usted considera que su derecho de protecci\u00f3n de datos personales ha sido lesionado por alguna conducta de nuestros empleados o de nuestras actuaciones o respuestas, presume que en el tratamiento de sus datos personales existe alguna violaci\u00f3n a las disposiciones previstas en la Ley Federal de Protecci\u00f3n de Datos Personales en Posesi\u00f3n de los Particulares, podr\u00e1 interponer la queja o denuncia correspondiente ante el IFAI.<\/p>\r\n\r\n<p>[\/vc_column_text][\/vc_column][\/vc_row]<\/p><\/div>","protected":false},"excerpt":{"rendered":"<p>[vc_row][vc_column][vc_column_text] Aviso de Privacidad \u00a0 De acuerdo a lo previsto en la \u201cLEY FEDERAL de Protecci\u00f3n de Datos Personales\u201d MICE MPC quien tiene su domicilio ubicado en AV. Bernardo Quintana #300 Piso 14 A , Colonia Centro Sur, Quer\u00e9taro, Quer\u00e9taro,\u00a0\u00a0C.P.\u00a076090, declara ser el responsable del tratamiento de sus datos personales. Oficina [&hellip;]<\/p>\n","protected":false},"author":1,"featured_media":0,"parent":0,"menu_order":0,"comment_status":"closed","ping_status":"closed","template":"","meta":{"footnotes":""},"class_list":["post-2145","page","type-page","status-publish","hentry"],"aioseo_notices":[],"_links":{"self":[{"href":"https:\/\/mice-mpc.org\/ccg\/wp-json\/wp\/v2\/pages\/2145","targetHints":{"allow":["GET"]}}],"collection":[{"href":"https:\/\/mice-mpc.org\/ccg\/wp-json\/wp\/v2\/pages"}],"about":[{"href":"https:\/\/mice-mpc.org\/ccg\/wp-json\/wp\/v2\/types\/page"}],"author":[{"embeddable":true,"href":"https:\/\/mice-mpc.org\/ccg\/wp-json\/wp\/v2\/users\/1"}],"replies":[{"embeddable":true,"href":"https:\/\/mice-mpc.org\/ccg\/wp-json\/wp\/v2\/comments?post=2145"}],"version-history":[{"count":3,"href":"https:\/\/mice-mpc.org\/ccg\/wp-json\/wp\/v2\/pages\/2145\/revisions"}],"predecessor-version":[{"id":4081,"href":"https:\/\/mice-mpc.org\/ccg\/wp-json\/wp\/v2\/pages\/2145\/revisions\/4081"}],"wp:attachment":[{"href":"https:\/\/mice-mpc.org\/ccg\/wp-json\/wp\/v2\/media?parent=2145"}],"curies":[{"name":"wp","href":"https:\/\/api.w.org\/{rel}","templated":true}]}}